Is 67631 a prime number?
True
Is 1829 prime?
False
Is 9601 a composite number?
False
Is 495293 a prime number?
False
Is 86077 composite?
False
Is 1153237 prime?
True
Is 179713 prime?
False
Is 17767 composite?
True
Is 132659 a prime number?
False
Is 18091 composite?
True
Is 31859 prime?
True
Is 17335 a prime number?
False
Is 103297 a composite number?
True
Is 3847 prime?
True
Is 65 prime?
False
Is 256301 a composite number?
False
Is 9673 prime?
False
Is 977263 prime?
False
Is 59141 a prime number?
True
Is 26309 prime?
True
Is 20341 a composite number?
False
Is 451387 prime?
True
Is 20173 composite?
False
Is 673 a composite number?
False
Is 114941 prime?
True
Is 1394737 a composite number?
False
Is 53353 composite?
False
Is 145898 a composite number?
True
Is 24503 composite?
True
Is 55861 composite?
True
Is 40381 a prime number?
False
Is 862 a composite number?
True
Is 1291 composite?
False
Is 5779 a prime number?
True
Is 203339 a prime number?
True
Is 31567 a composite number?
False
Is 1793 prime?
False
Is 1255 prime?
False
Is 291211 a prime number?
False
Is 1511 a composite number?
False
Is 170953 a composite number?
False
Is 203421 a composite number?
True
Is 18499 composite?
True
Is 194 a composite number?
True
Is 128647 a prime number?
False
Is 727379 a prime number?
False
Is 164959 a prime number?
False
Is 5471 a prime number?
True
Is 13445 a prime number?
False
Is 66001 a prime number?
False
Is 4381 a prime number?
False
Is 39607 a composite number?
False
Is 262103 a prime number?
True
Is 8059 a prime number?
True
Is 74653 composite?
False
Is 155371 a composite number?
False
Is 633 composite?
True
Is 1614353 prime?
False
Is 306701 prime?
True
Is 2921 a composite number?
True
Is 1693987 composite?
False
Is 65239 a prime number?
True
Is 3457 prime?
True
Is 3029 prime?
False
Is 58591 prime?
False
Is 18973 prime?
True
Is 1343231 prime?
False
Is 55381 composite?
False
Is 172001 composite?
False
Is 28643 a prime number?
True
Is 481 composite?
True
Is 466357 a prime number?
True
Is 274255 prime?
False
Is 381707 a composite number?
False
Is 16547 a prime number?
True
Is 1901 a composite number?
False
Is 433891 composite?
True
Is 1274071 a prime number?
True
Is 7993 composite?
False
Is 3827 prime?
False
Is 433931 a prime number?
True
Is 22583 a composite number?
True
Is 18119 composite?
False
Is 61003 composite?
True
Is 358901 prime?
True
Is 416379 prime?
False
Is 489529 a prime number?
True
Is 5489 prime?
False
Is 1614289 composite?
False
Is 6449 composite?
False
Is 37321 a prime number?
True
Is 53182 composite?
True
Is 108079 a composite number?
False
Is 2897 a prime number?
True
Is 24593 prime?
True
Is 507643 a composite number?
True
Is 133631 prime?
True
Is 45361 composite?
False
Is 119281 prime?
False
Is 2063 prime?
True
Is 19939 a prime number?
False
Is 2805949 prime?
True
Is 72451 composite?
True
Is 40927 a composite number?
False
Is 12443 prime?
False
Is 694781 composite?
False
Is 9827 prime?
False
Is 15871 prime?
False
Is 360497 a prime number?
True
Is 199859 a prime number?
False
Is 5752547 a composite number?
False
Is 54217 a prime number?
True
Is 4889 a composite number?
False
Is 549267 a prime number?
False
Is 145043 a composite number?
False
Is 9451 composite?
True
Is 37229 a prime number?
False
Is 250927 a composite number?
True
Is 30757 a prime number?
True
Is 7061 a prime number?
False
Is 326903 composite?
False
Is 13646 a prime number?
False
Is 17231 a composite number?
False
Is 59141 composite?
False
Is 8223 a composite number?
True
Is 29086 a composite number?
True
Is 63029 a composite number?
False
Is 23189 a prime number?
True
Is 16411 a prime number?
True
Is 891113 a prime number?
False
Is 2069647 composite?
False
Is 393121 a prime number?
True
Is 77471 a prime number?
True
Is 31363 prime?
False
Is 28643 a prime number?
True
Is 440009 composite?
False
Is 1535 a prime number?
False
Is 381253 composite?
False
Is 91121 composite?
False
Is 61033 a composite number?
True
Is 14233 a prime number?
False
Is 1791365 prime?
False
Is 31751 prime?
True
Is 363871 a composite number?
False
Is 5462 a composite number?
True
Is 45179 prime?
True
Is 48451 composite?
True
Is 67 composite?
False
Is 387157 composite?
True
Is 415253 a composite number?
False
Is 33313 prime?
False
Is 2100877 prime?
False
Is 228847 composite?
False
Is 116499 composite?
True
Is 44521 a composite number?
True
Is 2161 composite?
False
Is 1268122 prime?
False
Is 19 composite?
False
Is 3979 composite?
True
Is 137909 a composite number?
False
Is 3791 a composite number?
True
Is 8929 prime?
True
Is 1977997 composite?
True
Is 36187 prime?
True
Is 100138 a composite number?
True
Is 134957 a composite number?
True
Is 4321 prime?
False
Is 29501 composite?
False
Is 3299 a prime number?
True
Is 134837 composite?
False
Is 21701 prime?
True
Is 910421 prime?
True
Is 99871 composite?
False
Is 86323 composite?
False
Is 2020371 composite?
True
Is 250421 a composite number?
True
Is 14971 a composite number?
True
Is 557 prime?
True
Is 5671 a composite number?
True
Is 6899 a composite number?
False
Is 212809 prime?
False
Is 423959 a prime number?
False
Is 1641 composite?
True
Is 301303 prime?
True
Is 1043303 a prime number?
False
Is 116089 composite?
False
Is 2819 prime?
True
Is 84947 composite?
False
Is 448519 composite?
False
Is 142837 a prime number?
True
Is 19861 prime?
True
Is 13973 prime?
False
Is 14447 a composite number?
False
Is 7093 a prime number?
False
Is 1895 composite?
True
Is 675077 prime?
False
Is 17453 a prime number?
False
Is 100907 a prime number?
True
Is 138727 a prime number?
True
Is 37291 composite?
True
Is 41873 composite?
True
Is 172167 prime?
False
Is 408346 a prime number?
False
Is 4747 a prime number?
False
Is 23713 composite?
True
Is 21941 prime?
False
Is 2771 a composite number?
True
Is 5431 composite?
False
Is 1182211 composite?
False
Is 55101 composite?
True
Is 623017 composite?
False
Is 12655 a prime number?
False
Is 81727 composite?
False
Is 859021 composite?
True
Is 634567 a prime number?
True
Is 67009 composite?
True
Is 361753 a composite number?
True
Is 28751 a prime number?
True
Is 51445 a prime number?
False
Is 68993 a prime number?
True
Is 2333317 prime?
False
Is 1366063 a prime number?
False
Is 21477 prime?
False
Is 4699 prime?
False
Is 33827 prime?
True
Is 3412991 a prime number?
False
Is 453 composite?
True
Is 72953 prime?
True
Is 25439 prime?
True
Is 191161 composite?
False
Is 1347365 a composite number?
True
Is 2423 a composite number?
False
Is 147449 a composite number?
False
Is 1361 prime?
True
Is 2676761 a prime number?
True
Is 28459 a prime number?
False
Is 2437 prime?
True
Is 245921 a composite number?
True
Is 88357 a prime number?
False
Is 106901 composite?
True
Is 475543 a prime number?
False
Is 138463 a prime number?
False
Is 332099 a composite number?
False
Is 58747 prime?
False
Is 78901 prime?
True
Is 482263 a composite number?
False
Is 3119 a prime number?
True
Is 1577461 a composite number?
True
Is 15193 a prime number?
True
Is 399353 prime?
True
Is 42947 composite?
True
Is 26513 prime?
True
Is 13934 prime?
False
Is 2129 composite?
False
Is 13379 prime?
False
Is 5507 composite?
False
Is 3109 prime?
True
Is 975239 composite?
True
Is 473753 composite?
True
Is 1481 prime?
True
Is 57991 a composite number?
False
Is 347027 composite?
True
Is 14029 a composite number?
False
Is 530626 a prime number?
False
Is 114233 a composite number?
True
Is 1882271 prime?
True
Is 133141 composite?
True
Is 29123 a prime number?
True
Is 1337251 a prime number?
False
Is 373837 a prime number?
True
Is 299653 a composite number?
False
Is 2317 prime?
False
Is 147047 a composite number?
False
Is 261697 a composite number?
False
Is 97 prime?
True
Is 51257 composite?
False
Is 63059 composite?
False
Is 136727 composite?
False
Is 99445 a prime number?
False
Is 26093 a composite number?
True
Is 10061 prime?
True
Is 1858 a composite number?
True
Is 232093 a prime number?
False
Is 23093 prime?
False
Is 19394 composite?
True
Is 2404387 prime?
True
Is 38113 a composite number?
False
Is 35018 prime?
False
Is 145897 composite?
False
Is 38507 a composite number?
True
Is 745567 prime?
True
Is 69023 a composite number?
True
Is 77137 a composite number?
False
Is 5981 a